{"id":30,"date":"2021-09-15T17:18:26","date_gmt":"2021-09-15T15:18:26","guid":{"rendered":"http:\/\/www.thatsallfolk.fr\/?page_id=30"},"modified":"2024-07-19T12:26:18","modified_gmt":"2024-07-19T10:26:18","slug":"audios-et-videos","status":"publish","type":"page","link":"http:\/\/www.thatsallfolk.fr\/?page_id=30","title":{"rendered":"Audios et Vid\u00e9os"},"content":{"rendered":"\t\t<div data-elementor-type=\"wp-page\" data-elementor-id=\"30\" class=\"elementor elementor-30\">\n\t\t\t\t\t\t\t\t\t<section class=\"elementor-section elementor-top-section elementor-element elementor-element-1950990f elementor-section-boxed elementor-section-height-default elementor-section-height-default\" data-id=\"1950990f\" data-element_type=\"section\">\n\t\t\t\t\t\t<div class=\"elementor-container elementor-column-gap-default\">\n\t\t\t\t\t<div class=\"elementor-column elementor-col-100 elementor-top-column elementor-element elementor-element-fedf945\" data-id=\"fedf945\" data-element_type=\"column\">\n\t\t\t<div class=\"elementor-widget-wrap elementor-element-populated\">\n\t\t\t\t\t\t\t\t<div class=\"elementor-element elementor-element-6fece9e9 elementor-widget elementor-widget-slide-music-player-free\" data-id=\"6fece9e9\" data-element_type=\"widget\" data-widget_type=\"slide-music-player-free.default\">\n\t\t\t\t<div class=\"elementor-widget-container\">\n\t\t\t\n\t\t<div class=\"swp_music_player clearfix\" id=\"mpfe_69f3812fbd8f8\" data-autoplay=\"no\" data-playmode=\"repeat\" data-stopplaylistend=\"no\" data-repeatmode=\"unset\" data-playerimg=\"http:\/\/www.thatsallfolk.fr\/wp-content\/uploads\/2023\/10\/2021-09-10-Thats-All-Folk-Live-75.jpg\">\n\t\t\t<div class=\"music_player_left mp_ar_tall\">\n\t\t\t\t<div class=\"album_left_overlay lc_swp_overlay\"><\/div>\n\t\t\t<\/div>\n\n\t\t\t<div class=\"music_player_right mp_ar_tall\">\n\t\t\t\t<div class=\"album_right_overlay lc_swp_overlay\"><\/div>\n\n\n\t\t\t\t\n\t\t\t\t\t\t<div class=\"swp_player_top\">\n\t\t\t<div class=\"player_top_content\">\n\t\t\t\t\t\t\t\t\t<div class=\"album_featured_text\">\n\t\t\t\t\t\tAudio \t\t\t\t\t<\/div>\n\t\t\t\t\n\t\t\t\t<div class=\"swp_player_title\">\n\t\t\t\t\tThat&#039;s All Folk\t\t\t\t<\/div>\n\t\t\t<\/div>\n\n\t\t\t\t\t<\/div>\n\t\t\n\t\t\t\t<div class=\"swp_player_content controls_on_right\">\n\t\t\t\t\t\n\t\t<div class=\"swp_music_player_entry clearfix\" data-mediafile=\"http:\/\/www.thatsallfolk.fr\/wp-content\/uploads\/2023\/10\/6-I-gotta-felling-copie-1.wav\" data-trackimg=\"\">\n\t\t\t<span class=\"swp_song_details player_entry_left\">\n\t\t\t\t<span class=\"play_icon\">\n\t\t\t\t\t<i class=\"fas fa-play before_song\"><\/i>\n\t\t\t\t<\/span>\n\t\t\t\t<span class=\"player_song_name transition3\">\n\t\t\t\t\tI gotta a felling\t\t\t\t<\/span>\n\t\t\t<\/span>\n\n\t\t\t<span class=\"entry_duration mpfe_fix_lh\"><\/span>\t\t\n\n\t\t\t<span class=\"song_buy_icons transition3 mobile_visibility_hide icons_pos_mobile_\">\n\t\t\t\t\t\t\t\t\t\t\t\t\t<a target=\"_blank\" class=\"buy_song_icon\" href=\"https:\/\/www.youtube.com\/\">\n\t\t\t\t\t\t<i class=\"fab fa-youtube\"><\/i>\n\t\t\t\t\t<\/a>\n\t\t\t\t\t\t\t\t\t\t\t\t\t<a target=\"_blank\" class=\"buy_song_icon\" href=\"https:\/\/soundcloud.com\/\">\n\t\t\t\t\t\t<i class=\"fab fa-soundcloud\"><\/i>\n\t\t\t\t\t<\/a>\n\t\t\t\t\t\t\t\t\t\t\t<\/span>\n\t\t<\/div>\n\n\t\t\n\t\t<div class=\"swp_music_player_entry clearfix\" data-mediafile=\"http:\/\/www.thatsallfolk.fr\/wp-content\/uploads\/2023\/10\/8-The-house-of-the-rising-sun-copie-1.wav\" data-trackimg=\"\">\n\t\t\t<span class=\"swp_song_details player_entry_left\">\n\t\t\t\t<span class=\"play_icon\">\n\t\t\t\t\t<i class=\"fas fa-play before_song\"><\/i>\n\t\t\t\t<\/span>\n\t\t\t\t<span class=\"player_song_name transition3\">\n\t\t\t\t\tThe house of the rising sun\t\t\t\t<\/span>\n\t\t\t<\/span>\n\n\t\t\t<span class=\"entry_duration mpfe_fix_lh\"><\/span>\t\t\n\n\t\t\t<span class=\"song_buy_icons transition3 mobile_visibility_hide icons_pos_mobile_\">\n\t\t\t\t\t\t\t\t\t\t\t\t\t\t\t\t\t\t\t<\/span>\n\t\t<\/div>\n\n\t\t\n\t\t<div class=\"swp_music_player_entry clearfix\" data-mediafile=\"http:\/\/www.thatsallfolk.fr\/wp-content\/uploads\/2023\/10\/5-Take-me-home-country-roads-copie-1.wav\" data-trackimg=\"\">\n\t\t\t<span class=\"swp_song_details player_entry_left\">\n\t\t\t\t<span class=\"play_icon\">\n\t\t\t\t\t<i class=\"fas fa-play before_song\"><\/i>\n\t\t\t\t<\/span>\n\t\t\t\t<span class=\"player_song_name transition3\">\n\t\t\t\t\tTake me home  country road\t\t\t\t<\/span>\n\t\t\t<\/span>\n\n\t\t\t<span class=\"entry_duration mpfe_fix_lh\"><\/span>\t\t\n\n\t\t\t<span class=\"song_buy_icons transition3 mobile_visibility_hide icons_pos_mobile_\">\n\t\t\t\t\t\t\t\t\t\t\t\t\t\t\t\t\t\t\t<\/span>\n\t\t<\/div>\n\n\t\t\n\t\t<div class=\"swp_music_player_entry clearfix\" data-mediafile=\"http:\/\/www.thatsallfolk.fr\/wp-content\/uploads\/2023\/10\/3-In-hell-Ill-be-in-good-company-copie-1.wav\" data-trackimg=\"\">\n\t\t\t<span class=\"swp_song_details player_entry_left\">\n\t\t\t\t<span class=\"play_icon\">\n\t\t\t\t\t<i class=\"fas fa-play before_song\"><\/i>\n\t\t\t\t<\/span>\n\t\t\t\t<span class=\"player_song_name transition3\">\n\t\t\t\t\tIn hell I&#039;ll be in good company\t\t\t\t<\/span>\n\t\t\t<\/span>\n\n\t\t\t<span class=\"entry_duration mpfe_fix_lh\"><\/span>\t\t\n\n\t\t\t<span class=\"song_buy_icons transition3 mobile_visibility_hide icons_pos_mobile_\">\n\t\t\t\t\t\t\t\t\t\t\t\t\t\t\t\t\t\t\t<\/span>\n\t\t<\/div>\n\n\t\t\t\t\t\t<\/div>\n\t\t\t\t\t\n\n\t\t\t\t\n\t\t\t\t\n\t\t<div class=\"swp_player_bottom show_on_right\">\n\t\t\t<div class=\"swp_player_bottom_inner\">\n\t\t\t\t\t\t\t\t<div class=\"smc_player_progress_bar\">\n\t\t\t\t\t<div class=\"player_time_slider_base\"><\/div>\n\t\t\t\t\t<div class=\"player_time_slider\"><\/div>\n\t\t\t\t<\/div>\n\t\t\t\t\n\t\t\t\t<div class=\"swp_current_play\">\n\t\t\t\t\t<div class=\"before_current_song_name\">A l\u2019\u00e9coute<\/div>\n\t\t\t\t\t<div class=\"current_song_name\"><\/div>\n\t\t\t\t<\/div>\n\n\t\t\t\t<div class=\"swp_player_controls\">\n\t\t\t\t\t\t\t\t\t\t<a href=\"#!\" class=\"mpfe-sr-helper\">\n\t\t\t\t\t\t<i class=\"fas fa-step-backward\"><\/i>\n\t\t\t\t\t\t<span class=\"visually-hidden\">Chanson pr\u00e9c\u00e9dente<\/span>\n\t\t\t\t\t<\/a>\n\t\t\t\t\t<a href=\"#!\" class=\"mpfe-sr-helper\">\n\t\t\t\t\t\t<i class=\"fas fa-play player_play\"><\/i>\n\t\t\t\t\t\t<span class=\"visually-hidden\">Lecture<\/span>\n\t\t\t\t\t<\/a>\n\t\t\t\t\t<a href=\"#!\" class=\"mpfe-sr-helper\">\n\t\t\t\t\t\t<i class=\"fas fa-pause display_none\"><\/i>\n\t\t\t\t\t\t<span class=\"visually-hidden\">Mettre en pause<\/span>\n\t\t\t\t\t<\/a>\n\t\t\t\t\t<a href=\"#!\" class=\"mpfe-sr-helper\">\n\t\t\t\t\t\t<i class=\"fas fa-step-forward\"><\/i>\n\t\t\t\t\t\t<span class=\"visually-hidden\">Chanson suivante<\/span>\n\t\t\t\t\t<\/a>\n\t\t\t\t\t\t\t\t\t<\/div>\n\n\t\t\t\t<div class=\"swp_timeline\">\n\t\t\t\t\t<span class=\"song_current_progress\"><\/span>\n\t\t\t\t\t<span class=\"player_duration_sep\">&#47;<\/span>\n\t\t\t\t\t<span class=\"song_duration\"><\/span>\n\t\t\t\t<\/div>\n\n\t\t\t\t\t\t\t<\/div>\n\t\t<\/div>\n\t\t\t\t\t<\/div>\n\n\t\t\t\t\t<\/div>\n\n\t\t\t<\/div>\n\t\t\t\t<\/div>\n\t\t\t\t<div class=\"elementor-element elementor-element-68fb516 elementor-widget elementor-widget-video\" data-id=\"68fb516\" data-element_type=\"widget\" data-settings=\"{&quot;youtube_url&quot;:&quot;https:\\\/\\\/youtu.be\\\/EXSM5qbrTeM?si=ttvMgs4JXZsD_0KG&quot;,&quot;video_type&quot;:&quot;youtube&quot;,&quot;controls&quot;:&quot;yes&quot;}\" data-widget_type=\"video.default\">\n\t\t\t\t<div class=\"elementor-widget-container\">\n\t\t\t<style>\/*! elementor - v3.16.0 - 20-09-2023 *\/\n.elementor-widget-video .elementor-widget-container{overflow:hidden;transform:translateZ(0)}.elementor-widget-video .elementor-wrapper{aspect-ratio:var(--video-aspect-ratio)}.elementor-widget-video .elementor-wrapper iframe,.elementor-widget-video .elementor-wrapper video{height:100%;width:100%;display:flex;border:none;background-color:#000}@supports not (aspect-ratio:1\/1){.elementor-widget-video .elementor-wrapper{position:relative;overflow:hidden;height:0;padding-bottom:calc(100% \/ var(--video-aspect-ratio))}.elementor-widget-video .elementor-wrapper iframe,.elementor-widget-video .elementor-wrapper video{position:absolute;top:0;right:0;bottom:0;left:0}}.elementor-widget-video .elementor-open-inline .elementor-custom-embed-image-overlay{position:absolute;top:0;right:0;bottom:0;left:0;background-size:cover;background-position:50%}.elementor-widget-video .elementor-custom-embed-image-overlay{cursor:pointer;text-align:center}.elementor-widget-video .elementor-custom-embed-image-overlay:hover .elementor-custom-embed-play i{opacity:1}.elementor-widget-video .elementor-custom-embed-image-overlay img{display:block;width:100%;aspect-ratio:var(--video-aspect-ratio);-o-object-fit:cover;object-fit:cover;-o-object-position:center center;object-position:center center}@supports not (aspect-ratio:1\/1){.elementor-widget-video .elementor-custom-embed-image-overlay{position:relative;overflow:hidden;height:0;padding-bottom:calc(100% \/ var(--video-aspect-ratio))}.elementor-widget-video .elementor-custom-embed-image-overlay img{position:absolute;top:0;right:0;bottom:0;left:0}}.elementor-widget-video .e-hosted-video .elementor-video{-o-object-fit:cover;object-fit:cover}.e-con-inner>.elementor-widget-video,.e-con>.elementor-widget-video{width:var(--container-widget-width);--flex-grow:var(--container-widget-flex-grow)}<\/style>\t\t<div class=\"elementor-wrapper elementor-open-inline\">\n\t\t\t<div class=\"elementor-video\"><\/div>\t\t<\/div>\n\t\t\t\t<\/div>\n\t\t\t\t<\/div>\n\t\t\t\t<div class=\"elementor-element elementor-element-6733fe1 elementor-widget elementor-widget-video\" data-id=\"6733fe1\" data-element_type=\"widget\" data-settings=\"{&quot;youtube_url&quot;:&quot;https:\\\/\\\/youtu.be\\\/QuS1OZ-eDgc?si=ZdqdCdWDZpi0RrYe&quot;,&quot;video_type&quot;:&quot;youtube&quot;,&quot;controls&quot;:&quot;yes&quot;}\" data-widget_type=\"video.default\">\n\t\t\t\t<div class=\"elementor-widget-container\">\n\t\t\t\t\t<div class=\"elementor-wrapper elementor-open-inline\">\n\t\t\t<div class=\"elementor-video\"><\/div>\t\t<\/div>\n\t\t\t\t<\/div>\n\t\t\t\t<\/div>\n\t\t\t\t<div class=\"elementor-element elementor-element-3d8c96f elementor-widget elementor-widget-image\" data-id=\"3d8c96f\" data-element_type=\"widget\" data-widget_type=\"image.default\">\n\t\t\t\t<div class=\"elementor-widget-container\">\n\t\t\t<style>\/*! elementor - v3.16.0 - 20-09-2023 *\/\n.elementor-widget-image{text-align:center}.elementor-widget-image a{display:inline-block}.elementor-widget-image a img[src$=\".svg\"]{width:48px}.elementor-widget-image img{vertical-align:middle;display:inline-block}<\/style>\t\t\t\t\t\t\t\t\t\t\t\t<img decoding=\"async\" loading=\"lazy\" width=\"1024\" height=\"386\" src=\"http:\/\/www.thatsallfolk.fr\/wp-content\/uploads\/2023\/10\/Logo-4-Thats-All-Folk-1024x386.jpg\" class=\"attachment-large size-large wp-image-276\" alt=\"\" srcset=\"http:\/\/www.thatsallfolk.fr\/wp-content\/uploads\/2023\/10\/Logo-4-Thats-All-Folk-1024x386.jpg 1024w, http:\/\/www.thatsallfolk.fr\/wp-content\/uploads\/2023\/10\/Logo-4-Thats-All-Folk-300x113.jpg 300w, http:\/\/www.thatsallfolk.fr\/wp-content\/uploads\/2023\/10\/Logo-4-Thats-All-Folk-768x290.jpg 768w, http:\/\/www.thatsallfolk.fr\/wp-content\/uploads\/2023\/10\/Logo-4-Thats-All-Folk-1536x579.jpg 1536w, http:\/\/www.thatsallfolk.fr\/wp-content\/uploads\/2023\/10\/Logo-4-Thats-All-Folk-2048x773.jpg 2048w, http:\/\/www.thatsallfolk.fr\/wp-content\/uploads\/2023\/10\/Logo-4-Thats-All-Folk-830x313.jpg 830w, http:\/\/www.thatsallfolk.fr\/wp-content\/uploads\/2023\/10\/Logo-4-Thats-All-Folk-230x87.jpg 230w, http:\/\/www.thatsallfolk.fr\/wp-content\/uploads\/2023\/10\/Logo-4-Thats-All-Folk-350x132.jpg 350w, http:\/\/www.thatsallfolk.fr\/wp-content\/uploads\/2023\/10\/Logo-4-Thats-All-Folk-480x181.jpg 480w\" sizes=\"(max-width: 1024px) 100vw, 1024px\" \/>\t\t\t\t\t\t\t\t\t\t\t\t\t\t\t<\/div>\n\t\t\t\t<\/div>\n\t\t\t\t\t<\/div>\n\t\t<\/div>\n\t\t\t\t\t\t\t<\/div>\n\t\t<\/section>\n\t\t<div class=\"elementor-element elementor-element-d272a30 e-flex e-con-boxed e-con e-parent\" data-id=\"d272a30\" data-element_type=\"container\" data-settings=\"{&quot;content_width&quot;:&quot;boxed&quot;}\" data-core-v316-plus=\"true\">\n\t\t\t\t\t<div class=\"e-con-inner\">\n\t\t\t\t<div class=\"elementor-element elementor-element-5dd92a8 elementor-widget elementor-widget-video\" data-id=\"5dd92a8\" data-element_type=\"widget\" data-settings=\"{&quot;youtube_url&quot;:&quot;https:\\\/\\\/youtu.be\\\/b_8Q9jx6Jrg?si=hbhwPSxzS75IER0w&quot;,&quot;video_type&quot;:&quot;youtube&quot;,&quot;controls&quot;:&quot;yes&quot;}\" data-widget_type=\"video.default\">\n\t\t\t\t<div class=\"elementor-widget-container\">\n\t\t\t\t\t<div class=\"elementor-wrapper elementor-open-inline\">\n\t\t\t<div class=\"elementor-video\"><\/div>\t\t<\/div>\n\t\t\t\t<\/div>\n\t\t\t\t<\/div>\n\t\t\t\t\t<\/div>\n\t\t\t\t<\/div>\n\t\t\t\t\t\t\t<\/div>\n\t\t","protected":false},"excerpt":{"rendered":"<p>Audio That&#039;s All Folk I gotta a felling The house of the rising sun Take me home country road In hell I&#039;ll be in good company A l\u2019\u00e9coute Chanson pr\u00e9c\u00e9dente Lecture Mettre en pause Chanson suivante &#47;<\/p>\n","protected":false},"author":1,"featured_media":0,"parent":0,"menu_order":0,"comment_status":"closed","ping_status":"closed","template":"page-templates\/page_fullwidth.php","meta":{"footnotes":""},"yoast_head":"<!-- This site is optimized with the Yoast SEO plugin v21.3 - https:\/\/yoast.com\/wordpress\/plugins\/seo\/ -->\n<title>Audios et Vid\u00e9os - That&#039;s All Folk<\/title>\n<meta name=\"description\" content=\"Audio et vid\u00e9o That&#039;s all Folk Bluegrass et Folk\" \/>\n<meta name=\"robots\" content=\"index, follow, max-snippet:-1, max-image-preview:large, max-video-preview:-1\" \/>\n<link rel=\"canonical\" href=\"https:\/\/www.thatsallfolk.fr\/?page_id=30\" \/>\n<meta property=\"og:locale\" content=\"fr_FR\" \/>\n<meta property=\"og:type\" content=\"article\" \/>\n<meta property=\"og:title\" content=\"Audios et Vid\u00e9os - That&#039;s All Folk\" \/>\n<meta property=\"og:description\" content=\"Audio et vid\u00e9o That&#039;s all Folk Bluegrass et Folk\" \/>\n<meta property=\"og:url\" content=\"https:\/\/www.thatsallfolk.fr\/?page_id=30\" \/>\n<meta property=\"og:site_name\" content=\"That&#039;s All Folk\" \/>\n<meta property=\"article:modified_time\" content=\"2024-07-19T10:26:18+00:00\" \/>\n<meta property=\"og:image\" content=\"http:\/\/www.thatsallfolk.fr\/wp-content\/uploads\/2023\/10\/Logo-4-Thats-All-Folk-1024x386.jpg\" \/>\n<meta name=\"twitter:card\" content=\"summary_large_image\" \/>\n<meta name=\"twitter:label1\" content=\"Dur\u00e9e de lecture estim\u00e9e\" \/>\n\t<meta name=\"twitter:data1\" content=\"1 minute\" \/>\n<script type=\"application\/ld+json\" class=\"yoast-schema-graph\">{\"@context\":\"https:\/\/schema.org\",\"@graph\":[{\"@type\":\"WebPage\",\"@id\":\"https:\/\/www.thatsallfolk.fr\/?page_id=30\",\"url\":\"https:\/\/www.thatsallfolk.fr\/?page_id=30\",\"name\":\"Audios et Vid\u00e9os - That&#039;s All Folk\",\"isPartOf\":{\"@id\":\"https:\/\/www.thatsallfolk.fr\/#website\"},\"datePublished\":\"2021-09-15T15:18:26+00:00\",\"dateModified\":\"2024-07-19T10:26:18+00:00\",\"description\":\"Audio et vid\u00e9o That's all Folk Bluegrass et Folk\",\"breadcrumb\":{\"@id\":\"https:\/\/www.thatsallfolk.fr\/?page_id=30#breadcrumb\"},\"inLanguage\":\"fr-FR\",\"potentialAction\":[{\"@type\":\"ReadAction\",\"target\":[\"https:\/\/www.thatsallfolk.fr\/?page_id=30\"]}]},{\"@type\":\"BreadcrumbList\",\"@id\":\"https:\/\/www.thatsallfolk.fr\/?page_id=30#breadcrumb\",\"itemListElement\":[{\"@type\":\"ListItem\",\"position\":1,\"name\":\"Accueil\",\"item\":\"https:\/\/www.thatsallfolk.fr\/\"},{\"@type\":\"ListItem\",\"position\":2,\"name\":\"Audios et Vid\u00e9os\"}]},{\"@type\":\"WebSite\",\"@id\":\"https:\/\/www.thatsallfolk.fr\/#website\",\"url\":\"https:\/\/www.thatsallfolk.fr\/\",\"name\":\"That&#039;s All Folk\",\"description\":\"Bluegrass et Folk music\",\"potentialAction\":[{\"@type\":\"SearchAction\",\"target\":{\"@type\":\"EntryPoint\",\"urlTemplate\":\"https:\/\/www.thatsallfolk.fr\/?s={search_term_string}\"},\"query-input\":\"required name=search_term_string\"}],\"inLanguage\":\"fr-FR\"}]}<\/script>\n<!-- \/ Yoast SEO plugin. -->","yoast_head_json":{"title":"Audios et Vid\u00e9os - That&#039;s All Folk","description":"Audio et vid\u00e9o That's all Folk Bluegrass et Folk","robots":{"index":"index","follow":"follow","max-snippet":"max-snippet:-1","max-image-preview":"max-image-preview:large","max-video-preview":"max-video-preview:-1"},"canonical":"https:\/\/www.thatsallfolk.fr\/?page_id=30","og_locale":"fr_FR","og_type":"article","og_title":"Audios et Vid\u00e9os - That&#039;s All Folk","og_description":"Audio et vid\u00e9o That's all Folk Bluegrass et Folk","og_url":"https:\/\/www.thatsallfolk.fr\/?page_id=30","og_site_name":"That&#039;s All Folk","article_modified_time":"2024-07-19T10:26:18+00:00","og_image":[{"url":"http:\/\/www.thatsallfolk.fr\/wp-content\/uploads\/2023\/10\/Logo-4-Thats-All-Folk-1024x386.jpg"}],"twitter_card":"summary_large_image","twitter_misc":{"Dur\u00e9e de lecture estim\u00e9e":"1 minute"},"schema":{"@context":"https:\/\/schema.org","@graph":[{"@type":"WebPage","@id":"https:\/\/www.thatsallfolk.fr\/?page_id=30","url":"https:\/\/www.thatsallfolk.fr\/?page_id=30","name":"Audios et Vid\u00e9os - That&#039;s All Folk","isPartOf":{"@id":"https:\/\/www.thatsallfolk.fr\/#website"},"datePublished":"2021-09-15T15:18:26+00:00","dateModified":"2024-07-19T10:26:18+00:00","description":"Audio et vid\u00e9o That's all Folk Bluegrass et Folk","breadcrumb":{"@id":"https:\/\/www.thatsallfolk.fr\/?page_id=30#breadcrumb"},"inLanguage":"fr-FR","potentialAction":[{"@type":"ReadAction","target":["https:\/\/www.thatsallfolk.fr\/?page_id=30"]}]},{"@type":"BreadcrumbList","@id":"https:\/\/www.thatsallfolk.fr\/?page_id=30#breadcrumb","itemListElement":[{"@type":"ListItem","position":1,"name":"Accueil","item":"https:\/\/www.thatsallfolk.fr\/"},{"@type":"ListItem","position":2,"name":"Audios et Vid\u00e9os"}]},{"@type":"WebSite","@id":"https:\/\/www.thatsallfolk.fr\/#website","url":"https:\/\/www.thatsallfolk.fr\/","name":"That&#039;s All Folk","description":"Bluegrass et Folk music","potentialAction":[{"@type":"SearchAction","target":{"@type":"EntryPoint","urlTemplate":"https:\/\/www.thatsallfolk.fr\/?s={search_term_string}"},"query-input":"required name=search_term_string"}],"inLanguage":"fr-FR"}]}},"_links":{"self":[{"href":"http:\/\/www.thatsallfolk.fr\/index.php?rest_route=\/wp\/v2\/pages\/30"}],"collection":[{"href":"http:\/\/www.thatsallfolk.fr\/index.php?rest_route=\/wp\/v2\/pages"}],"about":[{"href":"http:\/\/www.thatsallfolk.fr\/index.php?rest_route=\/wp\/v2\/types\/page"}],"author":[{"embeddable":true,"href":"http:\/\/www.thatsallfolk.fr\/index.php?rest_route=\/wp\/v2\/users\/1"}],"replies":[{"embeddable":true,"href":"http:\/\/www.thatsallfolk.fr\/index.php?rest_route=%2Fwp%2Fv2%2Fcomments&post=30"}],"version-history":[{"count":20,"href":"http:\/\/www.thatsallfolk.fr\/index.php?rest_route=\/wp\/v2\/pages\/30\/revisions"}],"predecessor-version":[{"id":386,"href":"http:\/\/www.thatsallfolk.fr\/index.php?rest_route=\/wp\/v2\/pages\/30\/revisions\/386"}],"wp:attachment":[{"href":"http:\/\/www.thatsallfolk.fr\/index.php?rest_route=%2Fwp%2Fv2%2Fmedia&parent=30"}],"curies":[{"name":"wp","href":"https:\/\/api.w.org\/{rel}","templated":true}]}}